culate -1 + 0 - (1 - (4 + 3)).
5
Calculate -4 - 7 - -24 - 9.
4
What is the value of (-1 - (15 - 1)) + 19?
4
What is -5 + 3 + -2 - 1?
-5
Evaluate (15 - 13) + -2 + (0 - 1).
-1
Evaluate -1 + 5 + (-25 - -17).
-4
What is -4 + 3 - (0 - 1) - 5?
-5
What is the value of -11 - (-7 - -8) - -9?
-3
What is 0 + (-3 - (-2 - -2) - -3)?
0
Calculate 0 + -2 + -8 + (5 - -2).
-3
What is -16 + 12 + -1 + -2 + 5?
-2
What is the value of (-7 - 0) + 4 + 9 + -10?
-4
Evaluate 8 + (-12 - -6) + -6.
-4
Evaluate 4 + (-9 - -3) + 10.
8
(2 + -5 - -5) + -6 - -1
-3
What is -13 - (10 + -25) - (4 - 1)?
-1
What is 2 + 7 + (-3 - 7)?
-1
What is -9 + (0 - -3) + 0 + 3?
-3
Evaluate 0 + 5 + 6 + -6 + -6.
-1
Calculate 3 - 2 - (2 - 0).
-1
-1 + 2 + (-20 - (6 + -22))
-3
What is 4 - (-4 + 15 + -6) - -2?
1
-2 - (8 + 0 + -5)
-5
What is -2 + 5 + -2 - 2?
-1
Calculate -3 + -2 + (1 - 2) + 1.
-5
What is the value of 1 - 0 - (-14 + 23 - 16)?
8
7 - ((8 - 5) + (-7 - -5))
6
Calculate -1 - (-16 + -2 + 11).
6
Evaluate (-1 + 2 - -6) + (10 - 12).
5
(1 - 1) + 3 - 6
-3
What is 1 + 3 + (10 - 10)?
4
-5 + (4 - -1) + -4
-4
5 - 4 - (6 - 1)
-4
What is (10 - (-6 - -5)) + -9?
2
What is 1 + 7 + -4 + -3?
1
What is 5 - (5 - (1 - -4))?
5
What is the value of 7 - (-5 + (13 - 5))?
4
What is -2 - (2 - 1) - -1?
-2
Calculate -2 - (-3 + -1 - 2).
4
Calculate (-3 - 0) + (3 - 0 - -5).
5
2 + (6 - (9 - 7)) + 3
9
What is -7 + -3 + 2 + -3 + 6?
-5
Evaluate -2 - (4 - 10) - (2 + -1).
3
Calculate -3 + 2 + 2 + -1 - -1.
1
Calculate (-1 - 1) + 3 + 5 + -3.
3
What is the value of (0 - -2) + (6 - 8) + -1?
-1
What is (-74 - -65) + (1 - 2)?
-10
What is -3 + 13 - (-1 + 6)?
5
Evaluate -9 + 8 + -8 + 5.
-4
What is the value of (-8 - -3) + (0 - -3)?
-2
-1 - -4 - (-48 + 51)
0
What is 0 + (-6 - 3) - -7?
-2
Evaluate 7 - 7 - (2 + 0).
-2
-37 + 28 + (2 - -1)
-6
Evaluate 3 + (-3 - -3) + -3 + -1.
-1
What is the value of 8 + -2 - (-2 + (7 - -4))?
-3
Calculate 6 + -2 + -1 + 2.
5
0 + 1 - (-12 + 3 - -10)
0
What is -8 - (-8 - (-2 - 1)) - -8?
5
Evaluate (-4 - -4 - 18) + 10.
-8
Evaluate 7 + -2 + 7 - 10.
2
What is the value of (-2 - -5 - -2) + 0 - 2?
3
What is -2 - (4 + -1 - (-1 + 1))?
-5
Evaluate 2 + -2 - -5 - 7.
-2
Calculate -40 + 44 + -1 + -6.
-3
Evaluate 4 - (3 + 1 - 4 - -2).
2
-1 - (-5 - (-3 + 4))
5
What is the value of (82 - 91) + (2 - 1)?
-8
1 + 7 + (-99 - -81)
-10
What is -1 + (-1 - 3) + 27 + -21?
1
Calculate 4 - (-13 + 7 - -7).
3
What is the value of 1 + 2 + (0 - 3)?
0
What is the value of (4 - 4) + 0 - (0 - -3)?
-3
Evaluate 5 + -6 - (-5 + 2).
2
Calculate -2 + 0 + 4 + 11 + -14.
-1
What is the value of 211 + -207 + (1 - 8 - -1)?
-2
Evaluate 3 - (4 - (0 - -3)).
2
What is the value of (6 + -3 - 1) + -7 + 5?
0
-8 - (3 + -1 + 2 + -10)
-2
Calculate (1 - -2) + (-25 - -25).
3
Evaluate 2 + -2 + 7 + -7 + -5.
-5
What is the value of 26 + -30 - ((-2 - 1) + 0)?
-1
1 + 4 + -5 + -1
-1
What is 9 + 0 + 11 + -23?
-3
4 + 4 + -6 + 2
4
What is (-2 - -10) + (0 - (2 + 2))?
4
What is 4 - ((0 - 4) + 5)?
3
(-5 - -5) + -1 - 4 - 0
-5
Calculate -12 - ((19 - 21) + (1 - 7)).
-4
Evaluate (10 + -5 - 11) + 2 + 9.
5
What is -5 + 1 + 2 + (-1 - -6)?
3
What is the value of 0 + 0 + (5 - 8)?
-3
Calculate 5 + 4 + -5 + -7.
-3
What is 1 - (0 - (6 - 2))?
5
(-6 - 0) + (21 - 18)
-3
Evaluate (0 + 2 - 2 - 3) + 1.
-2
What is the value of (15 - -1) + 38 + -46?
8
Calculate 1 + 1 + -2 + -1 + -3.
-4
Calculate 2 - (2 + (4 - 4)).
0
What is 12 + -9 - (0 - 1)?
4
What is (6 - 0) + -4 + 10 + -11?
1
What is the value of (-71 - -72) + 2 + 3 + 1?
7
What is the value of 2 + 2 + -7 + 2?
-1
What is the value of -8 + (12 - -12) + -10?
6
What is 13 + -8 + -13 - -11?
3
Calculate 2 - (2 - (-1 + 4)).
3
What is -3 + (3 - 5) + 0?
-5
What is -5 - ((1 - 5) + -3)?
2
What is the value of -8 + (6 - 3) + -1?
-6
Calculate (-12 - -6) + (1 - -7).
2
Evaluate (6 - 3) + 4 + -1.
6
What is 0 - -2 - (-4 + 5)?
1
What is (-61 - -54) + (3 - 1)?
-5
Calculate 0 - 6 - (-59 + 58).
-5
Evaluate -3 - (-3 + -9 + 2).
7
Calculate 4 + -29 + 15 + 20.
10
Evaluate -15 + 19 + -1 + (0 - -2).
5
What is the value of -3 + 1 + (2 - (2 - 0))?
-2
What is -12 - (-10 - 7) - (1 - 0)?
4
1 + 0 - (-7 + 6)
2
What is 4 - (4 + (4 - 1))?
-3
What is -3 - (-6 - (1 + -4))?
0
Calculate (3 - (-4 + 0 + 1)) + 3.
9
1 - (11 + -7 + (4 - 4))
-3
What is the value of (-4 - 2) + 1 - 2?
-7
What is (-3 - 0) + 9 + (-9 - 2)?
-5
-4 + (8 + -1 - (42 + -40))
1
44 + -35 - (-1 + 8)
2
What is -10 + 14 + -2 + -3?
-1
What is the value of (-2 + 3 + -3 - -1) + -2?
-3
Calculate (6 - 0) + 2 + -4 + 3.
7
2 + 0 + -11 + 7 + 3
1
Calculate 7 + 0 + 2 + -3 + 1.
7
What is the value of (-1 - (-4 + 2)) + -5 + 10?
6
What is the value of -10 - -15 - (2 + 0)?
3
Evaluate 3 - (-5 + 3 + 7).
-2
Evaluate 15 - 12 - (-1 + (0 - -2)).
2
What is 115 + -111 + 0 + (-2 - 10)?
-8
4 - 4 - (24 - 25)
1
Calculate 5 + (-1 - (-6 + 5 + -1)).
6
What is the value of (0 - 0 - 2) + 3 + 0?
1
What is 3 + (-4 - -4) - 2?
1
Evaluate 6 - (-3 - -2) - 5.
2
Evaluate (-3 - 5) + (2 - 5) + 7.
-4
What is (-2 - (2 + 1 + -3)) + -3?
-5
What is the value of (-3 - -3) + 2 + -3 - 3?
-4
Calculate 1 + -8 + (-17 - -33).
9
Evaluate (0 - 14) + 4 - -4.
-6
Calculate -5 + (31 + -13 - 13).
0
Calculate (1 - 1) + (-6 + 11 - 1).
4
What is the value of 0 - (9 + -4 + -6)?
1
What is -6 + (10 - (3 + 1)) + -4?
-4
What is -3 + 2 + (0 - 0)?
-1
What is the value of 4 + (-5 - -6) + -4?
1
-4 - (-10 + (0 - -2) + 8)
-4
5 - (1 - 4 - (-5 + -1))
2
What is 1 + (-4 + -2 - -4)?
-1
8 + -9 - (-1 - -1)
-1
What is 7 + 5 - (-2 - -8)?
6
What is the value of (3 + 0 - 7) + 9 - 2?
3
What is -12 + 9 - (1 + (0 - 5))?
1
Calculate -1 - (-11 + 0 - -6 - 1).
5
What is -7 + 2 - (-1 + -12 + 6)?
2
What is the value of -5 + 7 - -1 - (-3 + 14)?
-8
(-1 - -2) + (-2 - 4)
-5
What is -2 + (1 - (2 - 13 - -2))?
8
What is the value of 4 + 5 + -2 + -1?
6
0 + -1 - (39 - 47)
7
What is -4 + (12 + 3 - 3)?
8
Calculate 9 + 9 + -13 - -1.
6
What is the value of (1 - 2) + 0 + (14 - 10)?
3
(4 - (3 - 0)) + 0 - 3
-2
What is -5 + (1 - (-9 - -5))?
0
Calculate (-1 - 0) + 4 + (8 - 7).
4
What is -1 + (5 - 4) + 2 - 7?
-5
Evaluate 1 - (2 + 3 - -1).
-5
Evaluate 8 + (-4 - -5 - 1).
8
Calculate 4 - (10 - 4 - 2).
0
6 - (3 - (-11 - -3)) - 0
-5
What is 0 + -2 + (11 - 6)?
3
Calculate 4 - (-2 + (-5 - -5) - -2).
4
Evaluate 0 - ((-7 - -15) + -2 - 5).
-1
What is the value of 0 + 0 + -2 + 3 + -2?
-1
What is (-208 - -211) + 0 + 1 + 1?
5
-10 + -5 + -2 + 13 + 3
-1
What is the value of (2 - 5 - 2) + 5?
0
Calculate -7 - 1 - 0 - (-8 - -7).
-7
(7 - 4) + (-3 - -1)
1
Evaluate 3 + 2 + -4 + (7 - 4).
4
1 - (-6 - (7 + -16))
-2
Calculate -9 - -7 - (4 - 3).
-3
-5 - ((-6 - -6) + (-6 - -3))
-2
Calculate -2 + 14 + -1 - (-27 + 34).
4
13 + (17 - 18) - (6 + -1)
7
What is (2 - 4) + (0 - 1)?
-3
What is the value of (13 - 13) + (1 - -1)?
2
Evaluate (5 - 8 - -9) + -11.
-5
Calculate (4 - 0) + (22 - 31 - 2).
-7
-12 + (16 - 9) + 3
-2
Evaluate 5 + (1 + -10 - -2).
-2
What is 7 - ((6 - 5) + 6)?
0
What is the value of -6 - 1 - (7 - 4)?
-10
What is the value of 1 + -1 - (16 - 22)?
6
Calculate 11 + -7 - ((1 - 1) + 3).
1
6 - (8 - (0 - -4))
2
What is the value of 3 + -6 + 8 + -2 + 0?
3
What is -6 + 4 + 3 + -5 + 5?
1
Calculate -9 + -2 + (5 - -2 - 5).
-9
What is (1 + -7 + 0 - -4) + 5?
3
(-6 - -8) + 1 - 5 - 0
-2
What is -2 + -1 - (4 - 2)?
-5
What is 1 + 2 + -34 + 22?
-9
Evaluate 0 + 7 - (-4 + 6).
5
-3 - (-1 - 2 - (3 - 2))
1
6 + -2 + (6 - 1) - 5
4
Calculate (-3 + 3 - -1) + (-2 - -3).
2
Calculate 4 + 0 + -1 + (-10 - -6).
-1
25 + -29 + 5 + 0
1
6 + 9 + -8 - 1
6
Evaluate 5 + -9 + (1 - -1).
-2
What is the value of 4 + 0 + (-3 - -1) + 4?
6
What is the value of -12 + -7 + 17 - (0 - 8)?
6
Evaluate 13 + -5 - 12 - -1.
-3
What is the value of (3 - 6 - -3) + -3?
-3
What is -1 + (-4 - (1 - 3))?
-3
15 + -6 + -5 + -1
3
What is 4 + -7 - 2 - (-16 - -6)?
5
What is -1 - -9 - (20 + (0 - 13))?
1
Calculate -13 - (3 + 1 + -14).
-3
1 - 1 - 2 - (0 - 5)
3
1 - (1 + -2 + -2 + 6)
-2
(-18 - -36) + (-12 - 0)
6
What is the value of 2 + 2 + (-11 - -8 - -4)?
5
Evaluate 2 - 5 - (5 + (-17 - -9)).
0
-2 + -6 - (6 - 11)
-3
7 + (-15 - 4) - -7
-5
Calculate -3 + (3 - 2) - (-1 - 0).
-1
Calculate -3 + 1 + (9 - 8 - 6).
-7
0 + 1 + 141 + -137
5
Calculate ((5 - 0) + -4 - 8) + 2.
-5
-2 - (-14 + (-9 - -12))
9
What is (3 + -4 - 2) + -2?
-5
Evaluate 0 - (3 + -5) - 1.
1
-2 + 7 - (-17 - -16 - -9)
-3
Evaluate 5 - (5 + -3 - -3).
0
-1 + -12 + 3 -